67*p - p**2. Determine h(-6).
-9
Let c(t) = -5*t**3 - t**2 + 1 + 3*t + 3*t + 3*t - 7*t - 3*t. Let g be 2/2 - (-3 - -3). What is c(g)?
-6
Suppose -r = -4*u + 27, -5*u + 0*u = 2*r - 24. Let q(v) be the first derivative of 0*v + 1/2*v**2 - 55. What is q(u)?
6
Suppose 8*s + 99 = 11*s. Let j(b) = 1 + s - 21 - b. Give j(7).
6
Let u(d) = 27*d - 25. Let y be 1 - -1 - (9 - (-12 - -20)). Give u(y).
2
Let i(x) = -x**2 + 72*x - 66*x + 2 + 2*x**2 - 7. Calculate i(-5).
-10
Let x(p) = 11*p**2 - p - 8. Let w(u) = -24*u**2 + 2*u + 17. Let q(h) = -6*w(h) - 13*x(h). What is q(0)?
2
Suppose -2*x - 3*b + 17 = -41, -3*b = 3*x - 81. Let q = x + -6. Suppose -5*g - 13 = q. Let a(h) = h**3 + 6*h**2 + 3. What is a(g)?
3
Suppose -2*t - 3*t = 0. Suppose -3*a + 3*q + 27 = t, 15*a - 3*q = 16*a - 1. Let c(j) = j**2 - 9*j + 7. Give c(a).
-7
Let s(y) be the second derivative of -9*y**5/20 - y**4/6 - y**3/6 + 128*y + 2. What is s(-1)?
8
Let f = 6 - 10. Let n(d) = d - 1. Let c(h) be the third derivative of -h**5/60 - h**4/12 - 5*h**3/6 - 9*h**2. Let l(q) = c(q) - 2*n(q). Calculate l(f).
-3
Let i(m) = 16*m**2 + 50*m - 75. Let p(w) = 3*w**2 + 10*w - 15. Let g(z) = -2*i(z) + 11*p(z). Give g(-11).
-4
Suppose -5*o = -3*d + 19, d - 4*o + 12 = -6*o. Let j(r) = r**3 + 2*r**2 + 4*r + 2. Determine j(d).
-6
Let v(o) be the first derivative of 5*o**4 + o**3/3 - o**2/2 - o + 25. Determine v(-1).
-19
Let l(y) = -y**3 + 7*y**2 - 9*y + 6. Let j be 7/4 - 6/(-72)*-9. Suppose -7 = -s - j. Give l(s).
-12
Let u(g) = -g**2 + 4*g + 1. Suppose -2*p - 10 = -2*x, 0 = 4*x + 4*p - 5 - 15. Suppose 0 = 2*f + x - 61. Let t = f + -23. Calculate u(t).
-4
Suppose 0 = 4*u - 3*h + 8, 3*h - 21 = -u - 2*h. Let f(m) = u + 0 - 3*m + 2*m. Let j = -12 + 11. Give f(j).
2
Suppose 2*f - 6*u + 10*u = 4, -2*u = 3*f - 6. Let h = 2 - 0. Let d(a) = 3*a - a + 2*a**h + 1 - a. Give d(f).
11
Let c(r) = 3*r + 22. Let g be (-17)/(34/16) + -2. Give c(g).
-8
Let l = 26 - 21. Let z(u) = -8*u + l*u - 35 + 16*u. Let y(s) = -3*s + 9. Let c(t) = -9*y(t) - 2*z(t). Calculate c(5).
-6
Let n(f) = f - 4. Let c be n(4). Suppose -3*v = -32 + 8. Let y(r) = -20 - r + v + 6. Calculate y(c).
-6
Let x be 2/(-3) - 38/(-57). Suppose 5*p + 1 + 9 = x. Let l be p/7 + (-46)/(-14). Let q(o) = -2*o - 3. Give q(l).
-9
Let v = -10 + 5. Let i = -11 - -6. Let c(h) = h**2 + 4*h. Let y(s) = -2*s**2 - 8*s - 1. Let f(d) = i*c(d) - 2*y(d). Calculate f(v).
-3
Suppose -2*h = -15 + 11. Let i(q) = 0*q + 4 - q**h + 6*q - 5 - 10*q. Give i(-5).
-6
Let g(p) = p - 3. Let o be g(3). Suppose o = -y + 5*m - 5 - 10, y - 2*m = -3. Let j(t) = -1 - y*t**2 + 0*t**2 - 2*t - t**2 + 3*t**2 - t**3. Determine j(-3).
5
Let v be (5/4)/(6/24). Let n(k) be the third derivative of -k**5/60 + k**4/8 - k**3 + 4*k**2. Let u(g) = g**2 - 2*g + 7. Let r(x) = -4*n(x) - 3*u(x). Give r(v).
-2
Let f(k) be the second derivative of k**5/20 + k**4/12 - k**3/6 - 3*k**2 + k. Suppose 7*t = 18 + 3. Suppose t*s = 5*s. What is f(s)?
-6
Let q(g) = -4*g - 21. Let j(r) = -r - 2. Let s(w) = -5*j(w) + q(w). Calculate s(5).
-6
Let s(f) = -f**3 + f**2 - 15. Suppose -4*m - 5*v - 16 - 4 = 0, 5*m + 8 = -2*v. Determine s(m).
-15
Let z(n) = n - 2. Let m = 27 - -12. Suppose 48 = 4*b + 4*q, -5*b + 2*q + 0*q + m = 0. Suppose 2*d + b = -3. What is z(d)?
-8
Let o(y) = y**3 + 5*y**2 - 6*y - 4. Let z = -37 - -113. Suppose z = -5*b + 46. Determine o(b).
-4
Let r(y) = 3*y + 2. Let h be 1 - 2/2*1. What is r(h)?
2
Suppose -6 = -5*y + j, -5*j + 13 = 4*y - 15. Let p(g) = -g**3 + 3*g**2 - 2*g - 1. Calculate p(y).
-1
Let b(p) = -38*p - 1 + 44*p + 11. Determine b(-4).
-14
Let h be 13/(-39)*(3 - -6). Let d(b) = b - 10. Determine d(h).
-13
Let c(k) = -k**3 + 2*k + 3. Suppose 0 = -3*q - 2*q + 80. Let m be (q - 8) + -2 + -1. Suppose -4*d = -2*d - l, m*d - 5*l = 10. What is c(d)?
7
Let g(q) = 5*q**2 + 5*q + 4. Suppose -o - 4*o - 2*r = 20, -2*o + 4*r + 16 = 0. Give g(o).
14
Let z(q) = q**2 + 38*q - 34. Let x be z(-39). Let j(p) = -p**3 + 6*p**2 - 6*p - 2. Give j(x).
-7
Let p(c) = 2*c - 77 + 80 - 3*c. What is p(5)?
-2
Let l(k) be the second derivative of -k**3/6 + k**2 - 10*k. Let w be l(6). Let q(t) = -t**3 - 4*t**2 - 2*t - 3. Calculate q(w).
5
Suppose -q - 4*q + 350 = 0. Let p = -70 + q. Let z(u) = -u**2 - 2. Determine z(p).
-2
Let b(p) = 2*p**2 + 4*p. Let k = -96 + 97. Suppose -z - 4 = -k. Calculate b(z).
6
Let k(d) = -11*d - 11. Let r(s) = 4*s + 4. Let h(u) = -3*k(u) - 8*r(u). Let x(y) = -y**3 + 7*y**2 + 84*y + 33. Let m be x(-6). Give h(m).
-2
Suppose -5*c = 2*j + 30, c - 2*j + 22 = 4. Let y(s) = -s**3 - 8*s**2 + s - 2. Give y(c).
-10
Let h(x) = x**3 + 5*x**2 - 14*x + 7. Let c(w) = -2*w**3 - 74*w**2 - w - 44. Let b be c(-37). Determine h(b).
7
Let l(c) = -10*c + 29. Let f(o) = -6*o + 31. Let w(k) = 3*f(k) - 2*l(k). Calculate w(-18).
-1
Let l(q) = q**2 + 4*q - 5. Let a = 33 + -59. Let h be 3 + 22/(-6) - a/(-6). Calculate l(h).
0
Let z(u) = 11*u**2 - 2*u + 1. Let n = -288 - -289. Calculate z(n).
10
Let c(v) be the second derivative of -v**5/20 + v**4/6 - v**3/3 - v**2 - 40*v. Suppose -2*j - 3*n = n, 2*j - 3*n + 7 = 0. Determine c(j).
18
Let a(l) be the first derivative of l**4/4 - 2*l**3 + 2*l**2 - 3*l - 92. Determine a(5).
-8
Let z(m) = 3*m**2 - 3*m - 5. Let i(l) = -l**2 + l + 1. Let c(h) = -9*i(h) - 2*z(h). Calculate c(3).
19
Suppose -5*i = 20, 3*g + i + 3 = -7. Let j(p) = -3*p**3 + 3*p**2 + p - 2. Calculate j(g).
32
Let i be (9 + (-3 - 4))/2. Let v(a) = -11*a**3. Calculate v(i).
-11
Let b = 27 - 26. Let q(z) = -5*z**2 + 2 - b - 3*z**3 + 4*z**3. Give q(5).
1
Let f be ((-28)/126)/(2/(-18)). Let i be (-34)/(-51)*(-9)/f. Let c(b) = -2*b - 3. Calculate c(i).
3
Let f(t) = -t**3 - 5*t**2 - 6. Let d(q) = -q**3 - 5*q**2 - q - 5. Let c be ((-1)/3)/(89/18 - 5). Let a(w) = c*d(w) - 5*f(w). What is a(-4)?
8
Let n(b) be the third derivative of b**5/30 - 5*b**4/24 + 5*b**3/6 - b**2 + 56. What is n(3)?
8
Let x(k) be the second derivative of k**4/12 + 5*k**3/6 - 3*k**2/2 + 82*k. What is x(3)?
21
Let j(d) = d + 10. Suppose p + 4*p - 5*i = -35, -p - 4 = -2*i. Calculate j(p).
0
Let g(f) = -f + 1. Suppose 10*b = 12*b + 132. Let l = b + 61. Calculate g(l).
6
Let u(s) be the first derivative of 11*s**5/120 - 13*s**3 - 37. Let p(a) be the third derivative of u(a). Give p(-1).
-11
Let p(m) = m**2 + m - 8. Let o(c) = -c**2 - 7*c. Let a be o(-5). Suppose 3*n = 7*n - 5*u - 8, 0 = 5*n - 2*u - a. Let f be ((4 - n) + -2)/(-1). Determine p(f).
-8
Let m(i) = -2*i - 32. Let h(z) = 6*z + 0*z - 15 - 7*z. Let d(x) = -9*h(x) + 4*m(x). Give d(0).
7
Let h(r) = -4*r + 25. Let c(s) = -3*s + 22. Let a(i) = 5*c(i) - 4*h(i). Give a(-6).
4
Let i = 16 - 6. Suppose 6*j = -i - 14. Let b(u) = 2*u**2 - 10*u - 5. Let v(r) = r**2 - r. Let m(y) = -b(y) + 3*v(y). What is m(j)?
-7
Let a(y) be the second derivative of y**3/6 - 25*y. Let k be 1/(-4 + 3) + -3. Calculate a(k).
-4
Let b = 8 + -13. Let f(d) = d**3 + 6*d**2 + 2*d + 3. Let t be f(b). Let k be (-40)/15*t/8. Let s(a) = a + 2. Calculate s(k).
-4
Let g(n) = 7*n**3 - n**2 - 13*n. Let z(v) = 8*v**3 - v**2 - 10*v - 1. Let x(t) = -2*g(t) + 3*z(t). Give x(-1).
-10
Let f be -3 - -2 - (-24)/6. Suppose 0 = 5*r - 3*q - 52, 5*q - 12 = -f*r + 2*q. Let u(a) = -a**3 + 7*a**2 + 6*a + 8. Calculate u(r).
-8
Let s = -236 + 243. Let j(x) = 2*x - 10. Determine j(s).
4
Let k(y) = y**2 - 8*y + 4. Let b be 7 + -2 - (36/(-6) - -4). Determine k(b).
-3
Let u be (3/2)/(((-6)/15)/(-2)). Let m(q) be the second derivative of -1/6*q**3 + u*q**2 - q + 0. What is m(8)?
7
Let g(c) = -c**3 - 2*c**2 + 4*c + 2. Let h(q) = q**3 + 7*q**2 - q - 10. Let l(o) = -o + 5. Let n be l(12). Let z be h(n). Give g(z).
-1
Let w(j) be the third derivative of -j**4/24 + j**3/3 - j**2. Let m(l) = l**2 - l - 17. Let c be m(7). Suppose -3*f = 2*f + c. Calculate w(f).
7
Let g(t) = -10*t**2 + 7 - t**3 - 5*t - 5*t + 12*t. What is g(-10)?
-13
Let k(h) = -3*h - 4. Let o(m) = 2*m + 2. Let c(j) = 3*k(j) + 4*o(j). Give c(6).
-10
Let r(h) = -2*h**3 - 19*h**2 - 8*h + 11. Let f be r(-9). Let k(m) = m**3 - 2*m**2 + 1. Calculate k(f).
1
Let a(f) = 3*f**3 - 9*f**2 - f + 9. Let s(y) = y**3 - 3*y**2 + 3. Let k(p) = 4*a(p) - 11*s(p). Let c = 261 - 258. Give k(c).
-9
Let n = 0 - 1. Suppose -2*l + 14 = 5*m, -2*m + 12 = l + 3*m. Let t(w) = 4*w - 4*w + 10*w**l - 12*w**2. Give t(n).
-2
Let k(c) = 7*c - 47. Let z 